15
Let b(v) = 15*v - 5. Calculate b(-4).
-65
Let a(n) = -n - 60. What is a(-70)?
10
Let z(i) = i**3 - 22*i**2 - 73*i - 18. Calculate z(25).
32
Let l(w) = w + 3. Calculate l(-16).
-13
Let f(h) = h**3 + 3*h**2 + 2*h + 3. Give f(-3).
-3
Let g(i) = 2*i**3 - 5*i**2 + i + 2. What is g(2)?
0
Let k(y) = -2*y**2 - 7*y - 7. Give k(-4).
-11
Let h(g) = -g + 13. Determine h(-6).
19
Let h(k) = k**2 + 12*k + 8. What is h(-9)?
-19
Let i(l) = 31*l + 8. Determine i(-3).
-85
Let g(z) = 2*z**2 - 80*z + 231. What is g(37)?
9
Let g(i) = i**3 - 13*i**2 + 2*i - 5. What is g(13)?
21
Let t(r) = -2*r**3 - 10*r**2 - 5*r - 6. Give t(-5).
19
Let y(m) = 3*m**2 - 87*m - 396. What is y(33)?
0
Let o(y) = y**3 + y**2 - 7*y - 2. Calculate o(2).
-4
Let i(n) = n**3 + 8*n**2 - n. What is i(-8)?
8
Let u(l) = l**2 - l + 6. Determine u(4).
18
Let c(a) = a**3 - 8*a**2 + 8*a - 3. Determine c(6).
-27
Let t(o) = -6*o - 68. Determine t(-11).
-2
Let f(c) = -3*c + 3. Give f(4).
-9
Let k(z) = -23*z + 3. Calculate k(2).
-43
Let h(v) = 20*v + 15. Give h(-4).
-65
Let g(k) = k**2 + 4*k + 7. Give g(-5).
12
Let r(a) = a**3 + 13*a**2 - 5*a - 37. Give r(-13).
28
Let w(q) = 6*q + 81. Determine w(-13).
3
Let w(i) = -i**3 + 7*i**2 + 7*i + 18. What is w(8)?
10
Let g(h) = h + 9. Calculate g(-14).
-5
Let y(g) = -g**2 - 13*g + 21. Determine y(4).
-47
Let k(o) = 2*o - 9. What is k(4)?
-1
Let r(s) = -7*s + 61. Calculate r(9).
-2
Let g(n) = -n**3 + n. Give g(2).
-6
Let q(u) = -5*u + 64. Give q(12).
4
Let n(l) = 2*l**2 - 7*l + 12. Determine n(2).
6
Let t(l) = 16*l**2 + l. Calculate t(2).
66
Let d(r) = 4*r**2 + 2*r - 1. Give d(-2).
11
Let l(w) = w**3 - w**2 + w + 3. Calculate l(-3).
-36
Let p(z) = z**3 - 10*z**2 + 8*z + 7. Give p(9).
-2
Let w(o) = o**3 + o**2 - 7. Calculate w(0).
-7
Let a(t) = t**2 - 5*t - 5. Calculate a(5).
-5
Let t(x) = x**2 + 7*x + 19. Give t(-13).
97
Let n(g) = -7*g**3 + 2*g**2 - 5*g - 6. Calculate n(-1).
8
Let d(a) = 3*a**2 + 16*a + 11. Give d(-6).
23
Let q(l) = 35*l + 168. What is q(-5)?
-7
Let o(a) = -a**3 + 7*a**2 + 12*a - 33. What is o(8)?
-1
Let u(z) = 6*z - 56. Calculate u(7).
-14
Let n(f) = f**3 - 15*f**2 + 15*f + 30. What is n(13)?
-113
Let t(q) = 6*q + 3. What is t(5)?
33
Let t(a) = a + 69. Determine t(-68).
1
Let r(z) = z**3 - 15*z**2 + 14*z + 7. Calculate r(14).
7
Let a(g) = -6*g. Give a(-6).
36
Let z(c) = -8*c + 7. What is z(3)?
-17
Let k(b) = 41*b + 201. Calculate k(-5).
-4
Let j(c) = -c**3 + 2*c**2 - 7*c + 4. Give j(1).
-2
Let j(w) = 13*w**2 - 4*w + 3. Calculate j(2).
47
Let c(w) = -3*w - 9. Give c(-8).
15
Let d(p) = p**3 + 16*p**2 + 6*p - 4. Determine d(-16).
-100
Let a(q) = 4*q + 57. Calculate a(-20).
-23
Let f(y) = 29*y**2 + 9*y + 10. Give f(-1).
30
Let n(p) = 40*p - 126. Calculate n(3).
-6
Let o(w) = w**3 + 10*w**2 - 14*w - 60. Give o(-11).
-27
Let b(v) = 4*v**2 - v - 2. What is b(-2)?
16
Let j(y) = 7*y + 13. Determine j(-2).
-1
Let a(s) = -3*s - 29. Give a(0).
-29
Let z(l) = l + 77. Give z(27).
104
Let p(a) = -a**3 + 12*a**2 + 9*a + 16. Determine p(13).
-36
Let p(v) = 7*v - 15. What is p(-6)?
-57
Let d(o) = o**3 - 14*o**2 + 25*o - 16. Determine d(12).
-4
Let f(i) = -i**3 + 5*i**2 + 2*i - 14. Give f(-5).
226
Let m(l) = l**2 - 18*l + 78. What is m(9)?
-3
Let d(o) = 9*o**3 - o**2 + 4*o + 5. Determine d(-2).
-79
Let c(y) = 2*y**2 + 23*y - 37. Calculate c(-13).
2
Let d(g) = g**2 - 11*g - 13. Give d(12).
-1
Let p(i) = i**2 + 21*i + 19. What is p(-20)?
-1
Let g(a) = a**2 + 9*a + 22. What is g(-5)?
2
Let z(u) = u**2 - 4*u + 8. What is z(-4)?
40
Let r(z) = 3*z + 76. Give r(-28).
-8
Let s(y) = -36*y**3 - 6*y + 5. What is s(1)?
-37
Let a(g) = 7*g + 9. Give a(0).
9
Let j(q) = -q**3 + 5*q**2 + 5*q + 1. What is j(6)?
-5
Let i(d) = 6*d - 39. Determine i(4).
-15
Let z(r) = -r**3 + 13*r**2 - 14*r + 22. Give z(12).
-2
Let z(s) = s**3 - 9*s**2 + 10*s - 15. Determine z(8).
1
Let s(l) = 27*l + 41. Calculate s(-2).
-13
Let d(j) = -2*j**2 - 107*j - 877. Calculate d(-10).
-7
Let t(p) = 2*p**3 - 5*p**2 - p - 5. Give t(4).
39
Let n(k) = -8*k**3 + k**2 - 2*k + 1. Give n(1).
-8
Let l(b) = b**3 + 2*b**2 + 2*b - 68. Determine l(0).
-68
Let y(w) = w**3 + 23*w**2 + 75*w + 9. Calculate y(-4).
13
Let c(u) = 6*u - 40. Give c(8).
8
Let z(g) = 26*g**2 - 2*g + 1. What is z(1)?
25
Let p(f) = -14*f + 15. Calculate p(4).
-41
Let y(d) = -10*d**2 - 11*d + 10. What is y(1)?
-11
Let l(b) = -7*b - 5. Calculate l(2).
-19
Let z(k) = -2*k**3 + 3*k**2 + 5*k - 2. What is z(3)?
-14
Let d(r) = -r**3 + 6*r**2 - 5*r + 1. What is d(2)?
7
Let n(c) = c**3 - 8*c**2 - c + 9. Give n(8).
1
Let g(w) = -w + 3. Determine g(-2).
5
Let l(d) = 8*d + 98. What is l(-13)?
-6
Let r(z) = 4*z**2 + 18*z - 9. Calculate r(-5).
1
Let h(m) = m + 47. Determine h(13).
60
Let w(x) = x**2 - 5*x - 6. Give w(3).
-12
Let y(s) = s**3 - s**2 - 29*s - 7. Calculate y(6).
-1
Let q(o) = -2*o**2 + 42*o + 33. Calculate q(21).
33
Let g(t) = -t**2 - 5*t - 10. Give g(-6).
-16
Let r(j) = -2*j**2 + 8*j - 3. Calculate r(6).
-27
Let g(h) = -h**3 - 17*h**2 + 36*h - 43. Calculate g(-19).
-5
Let f(q) = q**3 - 12*q**2 + 13*q - 20. What is f(11)?
2
Let r(i) = 7*i - 7. What is r(2)?
7
Let z(g) = g**2 - 9*g - 4. What is z(12)?
32
Let q(a) = -a**2 + 3*a + 12. What is q(7)?
-16
Let k(a) = -2*a + 20. What is k(5)?
10
Let d(w) = -w**3 + 16*w**2 - 18*w - 7. Determine d(15).
-52
Let f(z) = z. What is f(6)?
6
Let r(m) = -4*m**2 - 16*m - 8. Determine r(-8).
-136
Let m(g) = 11*g - 4. What is m(3)?
29
Let s(q) = q**2 - 13*q - 16. Determine s(15).
14
Let i(m) = 7*m**2 + 2*m + 2. Determine i(-4).
106
Let c(h) = 2*h**2 - 45*h + 88. What is c(20)?
-12
Let k(l) = -l**3 + 7*l**2 + l - 5. What is k(7)?
2
Let h(p) = -2*p**2 - 37*p - 17. Give h(-18).
1
Let m(c) = -c**3 - 5*c**2 - 5*c - 3. Give m(-3).
-6
Let x(c) = c**3 + 64*c**2 - 132*c - 7. Give x(-66).
-7
Let i(p) = 122*p + 726. Give i(-6).
-6
Let w(b) = -6*b**2 + 19*b - 47. Determine w(3).
-44
Let o(c) = -c**3 - 8*c**2 + 46*c - 25. What is o(-12)?
-1
Let p(s) = 3*s - 10. What is p(-7)?
-31
Let c(w) = 3*w**2 + 5*w + 2. Give c(-6).
80
Let k(p) = 7*p + 80. Calculate k(-13).
-11
Let j(i) = 4*i + 2. What is j(6)?
26
Let v(j) = j**3 + 18*j**2 + 30*j - 15. What is v(-16)?
17
Let y(q) = 7*q**2 - 29*q + 18. Calculate y(4).
14
Let b(y) = 3*y - 13. Calculate b(3).
-4
Let q(j) = 2*j**3 + 21*j**2 + 5*j - 53. Calculate q(-10).
-3
Let q(b) = -b**3 - 5*b**2 + 3*b - 4. Give q(-4).
-32
Let l(g) = -g**2 - 30*g - 227. Calculate l(-13).
-6
Let c(z) = -9*z - 31. Determine c(-9).
50
Let g(u) = -14*u**2 - 3*u + 4. What is g(1)?
-13
Let j(t) = t**2 - 2*t - 37. Calculate j(-5).
-2
Let r(v) = -v**2 - 4*v + 32. Determine r(-8).
0
Let b(h) = h**2 - 4*h - 5. Calculate b(-2).
7
Let m(p) = 3*p**2 - 18*p + 13. Calculate m(7).
34
Let r(l) = -l**2 + l + 10. Give r(7).
-32
Let g(z) = 2*z**2 + 14*z - 5. What is g(-7)?
-5
Let s(u) = -2*u**3 - 26*u**2 - 3*u - 46. Calculate s(-13).
-7
Let h(n) = 4*n + 64. Determine h(-10).
24
Let b(x) = -x + 37. Determine b(23).
14
Let l(h) = -19*h + 5. Calculate l(2).
-33
Let c(z) = -z**3 + 4*z**2 - 9*z + 15. Determine c(2).
5
Let r(p) = p**3 - 2*p**2 - 24*p + 9. Give r(6).
9
Let p(x) = 9*x**2 - x + 2. Determine p(1).
10
Let d(l) = -3*l**2 + 17*l + 4. What is d(6)?
-2
Let s(o) = -2*o**2 + o. Determine s(-2).
-10
Let j(o) = 8*o**2 + o + 2. Give j(-2).
32
Let d(z) = -z**3 - 19*z**2 - 54*z - 18. Give d(-3).
0
Let w(x) = 2*x + 18. What is w(-12)?
-6
Let n(a) = -2*a**3 + 6*a**2 + a - 4. What is n(4)?
-32
Let y(g) = g**3 + 8*g**2 - 2*g - 9. What is y(-8)?
7
Let j(w) = -w - 15. Calculate j(5).
-20
Let q(l) = 2*l - 19. Determine q(7).
-5
Let a(u) = -20*u + 233. Determine a(12).
-7
Let a(g) = 6*g**2 + 43*g + 3. Give a(-7).
-4
Let i(n) = -n**3 + 18*n**2 - 2*n + 33. Determine i(18).
-3
Let r(m) = -m**2 + 13*m + 64. What is r(-4)?
-4
Let d(i) = i**3 - 9*i**2 + 9*i - 6. Determine d(8).
2
Let z(q) = -q**2 + 2*q + 16. What is z(6)?
-8
Let y(j) = 5*j + 49. Determine y(-11).
-6
Let d(j) = -2*j - 5. What is d(4)?
-13
Let o(d) = -d**2 + 7*d + 21. Determine o(8).
13
Let k(h) = -h**2 - 12*h - 16. Calculate k(-9).
11
Let d(h) = -h**3 - 6*h**2 + 6*h + 6. Determine d(-7).
13
Let j(v) = -3*v + 16. Determine j(1).
13
Let t(q) = 4*q - 28. Calculate t(8).
4
Let u(a) = -a**3 + 24*a**2 - 23*a - 6. What is u(23)?
-6
Let a(k) = -2*k**3 - 78*k**2 + 3*k + 101. Determine a(-39)